{"id":705,"date":"2024-07-12T11:35:35","date_gmt":"2024-07-12T11:35:35","guid":{"rendered":"https:\/\/www.vasiltole.com\/?page_id=705"},"modified":"2025-07-28T10:27:23","modified_gmt":"2025-07-28T10:27:23","slug":"bibliografia","status":"publish","type":"page","link":"https:\/\/www.vasiltole.com\/?page_id=705","title":{"rendered":"Bibliografia"},"content":{"rendered":"\n<p>M\u00eb posht\u00eb gjeni bibliografin\u00eb e plot\u00eb.<\/p>\n\n\n\n<p><a href=\"https:\/\/bib.cobiss.net\/biblioweb\/direct\/al\/alb\/cris\/00729\" data-type=\"link\" data-id=\"https:\/\/bib.cobiss.net\/bibliographies\/al\/webBiblio\/bib201_20240830_104139_00729.html\" target=\"_blank\" rel=\"noreferrer noopener\">Bibliografia online<\/a><\/p>\n\n\n\n<div data-wp-interactive=\"core\/file\" class=\"wp-block-file\"><object data-wp-bind--hidden=\"!state.hasPdfPreview\" hidden class=\"wp-block-file__embed\" data=\"https:\/\/www.vasiltole.com\/wp-content\/uploads\/2025\/07\/Vasil-S.-Tole_Bibliografia-e-Perditesuar_28.7.2025.pdf\" type=\"application\/pdf\" style=\"width:100%;height:600px\" aria-label=\"Embed of Bibliografia .\"><\/object><a id=\"wp-block-file--media-c9a408d6-957f-46f1-b55d-934e340c6933\" href=\"https:\/\/www.vasiltole.com\/wp-content\/uploads\/2025\/07\/Vasil-S.-Tole_Bibliografia-e-Perditesuar_28.7.2025.pdf\">Bibliografia <\/a><\/div>\n\n\n\n<p><\/p>\n","protected":false},"excerpt":{"rendered":"<p> [&hellip;]<\/p>\n","protected":false},"author":1,"featured_media":0,"parent":0,"menu_order":0,"comment_status":"closed","ping_status":"closed","template":"","meta":{"footnotes":""},"class_list":["post-705","page","type-page","status-publish","hentry"],"_links":{"self":[{"href":"https:\/\/www.vasiltole.com\/index.php?rest_route=\/wp\/v2\/pages\/705","targetHints":{"allow":["GET"]}}],"collection":[{"href":"https:\/\/www.vasiltole.com\/index.php?rest_route=\/wp\/v2\/pages"}],"about":[{"href":"https:\/\/www.vasiltole.com\/index.php?rest_route=\/wp\/v2\/types\/page"}],"author":[{"embeddable":true,"href":"https:\/\/www.vasiltole.com\/index.php?rest_route=\/wp\/v2\/users\/1"}],"replies":[{"embeddable":true,"href":"https:\/\/www.vasiltole.com\/index.php?rest_route=%2Fwp%2Fv2%2Fcomments&post=705"}],"version-history":[{"count":22,"href":"https:\/\/www.vasiltole.com\/index.php?rest_route=\/wp\/v2\/pages\/705\/revisions"}],"predecessor-version":[{"id":1173,"href":"https:\/\/www.vasiltole.com\/index.php?rest_route=\/wp\/v2\/pages\/705\/revisions\/1173"}],"wp:attachment":[{"href":"https:\/\/www.vasiltole.com\/index.php?rest_route=%2Fwp%2Fv2%2Fmedia&parent=705"}],"curies":[{"name":"wp","href":"https:\/\/api.w.org\/{rel}","templated":true}]}}