{"id":337,"date":"2024-06-06T12:40:08","date_gmt":"2024-06-06T12:40:08","guid":{"rendered":"https:\/\/www.vasiltole.com\/?page_id=337"},"modified":"2024-06-25T10:32:03","modified_gmt":"2024-06-25T10:32:03","slug":"mesimdhenie","status":"publish","type":"page","link":"https:\/\/www.vasiltole.com\/?page_id=337","title":{"rendered":"eksperienca n\u00cb M\u00cbSIMDH\u00cbNIE dhe n\u00cb drejtimin artistik dhe shkencor"},"content":{"rendered":"\n<figure class=\"wp-block-table\"><table><tbody><tr><td>maj 2019 &#8211; 2023<\/td><td>Z\u00ebvend\u00ebs Kryetar i Akademis\u00eb s\u00eb Shkencave, i zgjedhur me vendim t\u00eb Asambles\u00eb s\u00eb ASH-s\u00eb.<\/td><\/tr><tr><td>mars 2022<\/td><td>Nism\u00ebtar dhe ekspert i dosjes p\u00ebr kandidimin e lahut\u00ebs n\u00eb listen e dukurive jomateriale t\u00eb UNESCO-s.<\/td><\/tr><tr><td>shkurt 2018 &#8211; 2023<\/td><td>An\u00ebtar i Bordit n\u00eb Institutin e Studimeve t\u00eb Krimeve dhe t\u00eb Pasojave t\u00eb Komunizmit, zgjedhur nga Kuvendi i Shqip\u00ebris\u00eb me vendimin 27\/2018<\/td><\/tr><tr><td>dhjetor 2017<\/td><td>Themelues i ODEA-s, Akademia e Artit dhe Trash\u00ebgimis\u00eb. Regjistruar n\u00eb Gjykat\u00eb me vendimin Nr. 1217, dt. 15.12.2017.<\/td><\/tr><tr><td>shtator 2017 &#8211;<br>tetor 2019<\/td><td>Kryetar n\u00eb detyr\u00eb i Akademis\u00eb s\u00eb Shkencave.<\/td><\/tr><tr><td>2015<\/td><td>An\u00ebtar i Komisionit Shtet\u00ebror t\u00eb Pull\u00ebs Postare.<\/td><\/tr><tr><td>2014<\/td><td>Sekretar shkencor n\u00eb Akademin\u00eb e Shkencave t\u00eb Republik\u00ebs s\u00eb Shqip\u00ebris\u00eb.<\/td><\/tr><tr><td>2010 &#8211; deri m\u00eb tani<\/td><td>An\u00ebtar i Komitetit Komb\u00ebtar t\u00eb Trash\u00ebgimis\u00eb Kulturore Shpirt\u00ebrore-KKTKSH pran\u00eb MTKRS-s\u00eb.<\/td><\/tr><tr><td>2005 &#8211; 2018<\/td><td>An\u00ebtar i K\u00ebshillit t\u00eb Lart\u00eb t\u00eb Arkivave t\u00eb Republik\u00ebs s\u00eb Shqip\u00ebris\u00eb<\/td><\/tr><tr><td>2013<\/td><td>Drejtor i P\u00ebrgjithsh\u00ebm i Qendr\u00ebs s\u00eb Kultur\u00ebs, Medias dhe Botimeve t\u00eb Mbrojtjes-QKMBM, pran\u00eb Ministris\u00eb s\u00eb Mbrojtjes.<\/td><\/tr><tr><td>2012<\/td><td>Drejtor i Drejtoris\u00eb s\u00eb Aktiviteteve dhe Marr\u00ebdh\u00ebnieve me Publikun n\u00eb Qendr\u00ebn e Kultur\u00ebs, Medias dhe Botimeve t\u00eb Mbrojtjes-QKMBM, pran\u00eb Ministris\u00eb s\u00eb Mbrojtjes.<\/td><\/tr><tr><td>2001 &#8211; 2008<\/td><td>Drejtor i Drejtoris\u00eb s\u00eb Trash\u00ebgimis\u00eb Kulturore, n\u00eb Ministrin\u00eb e Kultur\u00ebs Rinis\u00eb dhe Sporteve.<\/td><\/tr><tr><td>2002 &#8211; 2007<\/td><td>Sekretar i Bordit t\u00eb Parkut Komb\u00ebtar t\u00eb Butrintit,<em> \u201cWorld Heritage List\u201d,<\/em> UNESCO, MTKRS<\/td><\/tr><tr><td>2005<\/td><td>Ekspert i grupit t\u00eb pun\u00ebs p\u00ebr p\u00ebrgatitjen e dosjes s\u00eb \u201cPolifonis\u00eb Popullore Shqiptare me Iso\u201d, (Albanian Folk Iso Polyphony), shpallur nga Unesco si <em>\u201cKryevep\u00ebr e trash\u00ebgimis\u00eb gojore t\u00eb njer\u00ebzimit\u201d,<\/em> 25 N\u00ebndor 2005.<\/td><\/tr><tr><td>2002 &#8211; 2003<\/td><td>Kryetar i grupit t\u00eb pun\u00ebs p\u00ebr hartimin e ligjit <em>\u201cP\u00ebr simbolet komb\u00ebtare\u201d <\/em>dhe i ligjit <em>\u201cP\u00ebr trash\u00ebgimin\u00eb kulturore\u201d.<\/em><\/td><\/tr><tr><td>2003 &#8211; 2007<\/td><td>An\u00ebtar i k\u00ebshillit shkencor t\u00eb Institutit t\u00eb Kultur\u00ebs Popullore pran\u00eb Akademis\u00eb s\u00eb Shkencave, zgjedhur me Vendim t\u00eb Kryesis\u00eb s\u00eb Akademis\u00eb s\u00eb Shkencave.<\/td><\/tr><tr><td>2002 &#8211; 2004<\/td><td>Drejtues i kolan\u00ebs zyrtare t\u00eb MKRS-s\u00eb, \u201c<em>Trash\u00ebgimia shpirt\u00ebrore n\u00eb CD\u201d; hartues dhe drejtues i botimeve t\u00eb MKRS: \u201cTrash\u00ebgimia kulturore\u201d, <\/em>akte ligjore dhe n\u00ebnligjore<em>; Festivali Folklorik Komb\u00ebtar, Gjirokast\u00ebr, <\/em>akte ligjore dhe n\u00ebnligjore.<\/td><\/tr><tr><td>1997 &#8211; 1999<\/td><td>Drejtor i Teatrit t\u00eb Operas dhe Baletit-TOB dhe Ansamblit Komb\u00ebtar t\u00eb K\u00ebng\u00ebve dhe Valleve Popullore-AKVP, Tiran\u00eb.<\/td><\/tr><tr><td>1991 &#8211; deri m\u00eb tani<\/td><td>Profesor n\u00eb Fakultetin e Muzik\u00ebs, Akademia e Arteve-Tiran\u00eb, n\u00eb l\u00ebnd\u00ebt e Kompozicionit dhe Folklorit Muzikor Shqiptar.<br><em>Udh\u00ebheq\u00ebs shkencor i diplomave universitare<\/em> t\u00eb kompozicionit t\u00eb Kristi Pop\u00ebs-1997, Ilirjan Mihalit-1998, Klodian Qafokut-2003, Eduard Nurk\u00ebs-2003, Edi Balilit, Sk\u00ebnder Gjyl\u00ebs-2003; <em>Diplomave universitare <\/em>n\u00eb etnomuzikologji;<br><em>Udh\u00ebheq\u00ebs shkencor i mikrotezave <\/em>t\u00eb SHPU-s\u00eb pran\u00eb Akademis\u00eb s\u00eb Arteve t\u00eb Edi Nurk\u00ebs, Klodian Qafokut, Kozma Mihalit, Albin Sadikut, Armand Za\u00e7eli\u00e7it;<br><em>Udh\u00ebheq\u00ebs shkencor i Doktoratave <\/em>pran\u00eb QSA-s\u00eb t\u00eb Klodian Qafokut, Armand Za\u00e7eli\u00e7it etj.<\/td><\/tr><tr><td>1988 &#8211; 1991<\/td><td>Drejtues artistik n\u00eb pallatin e kultur\u00ebs <em>\u201cNaim Frash\u00ebri\u201d<\/em> t\u00eb\u00a0 qytetit t\u00eb P\u00ebrmetit.<\/td><\/tr><\/tbody><\/table><\/figure>\n","protected":false},"excerpt":{"rendered":"<p> [&hellip;]<\/p>\n","protected":false},"author":1,"featured_media":0,"parent":0,"menu_order":0,"comment_status":"closed","ping_status":"closed","template":"","meta":{"footnotes":""},"class_list":["post-337","page","type-page","status-publish","hentry"],"_links":{"self":[{"href":"https:\/\/www.vasiltole.com\/index.php?rest_route=\/wp\/v2\/pages\/337","targetHints":{"allow":["GET"]}}],"collection":[{"href":"https:\/\/www.vasiltole.com\/index.php?rest_route=\/wp\/v2\/pages"}],"about":[{"href":"https:\/\/www.vasiltole.com\/index.php?rest_route=\/wp\/v2\/types\/page"}],"author":[{"embeddable":true,"href":"https:\/\/www.vasiltole.com\/index.php?rest_route=\/wp\/v2\/users\/1"}],"replies":[{"embeddable":true,"href":"https:\/\/www.vasiltole.com\/index.php?rest_route=%2Fwp%2Fv2%2Fcomments&post=337"}],"version-history":[{"count":3,"href":"https:\/\/www.vasiltole.com\/index.php?rest_route=\/wp\/v2\/pages\/337\/revisions"}],"predecessor-version":[{"id":539,"href":"https:\/\/www.vasiltole.com\/index.php?rest_route=\/wp\/v2\/pages\/337\/revisions\/539"}],"wp:attachment":[{"href":"https:\/\/www.vasiltole.com\/index.php?rest_route=%2Fwp%2Fv2%2Fmedia&parent=337"}],"curies":[{"name":"wp","href":"https:\/\/api.w.org\/{rel}","templated":true}]}}